et i(a) = -14*a + 875. Determine i(62).
7
Let i(t) = -9*t + 21. Determine i(3).
-6
Let i(c) = -c**3 + 14*c**2 - 24*c - 8. What is i(12)?
-8
Let i(u) = 3*u**2 - 13*u - 2. Determine i(6).
28
Let o(x) = -x**3 + 6*x**2 + 15*x + 10. Give o(8).
2
Let t(i) = -i**3 - 12*i**2 - 8*i + 3. Determine t(-11).
-30
Let t(o) = 4*o + 12. Determine t(-9).
-24
Let x(a) = -a**2 - 4*a + 777. What is x(26)?
-3
Let g(k) = -3*k**2 + 61*k + 30. What is g(21)?
-12
Let a(d) = -d**2 - 11*d + 16. What is a(-13)?
-10
Let x(d) = -44*d - 3. Calculate x(-1).
41
Let c(p) = 24*p + 31. Give c(-5).
-89
Let j(h) = h**3 + 7*h**2 - 10*h - 17. Give j(-8).
-1
Let b(p) = -p + 6. Determine b(11).
-5
Let v(r) = -r**3 - 2*r**2 + 10*r + 9. What is v(-4)?
1
Let a(o) = -6*o + 1. What is a(3)?
-17
Let a(u) = 2*u**2 + 9*u - 22. What is a(-6)?
-4
Let d(v) = v**2 - 10*v + 11. Give d(0).
11
Let n(c) = c**2 - 51*c - 470. Calculate n(59).
2
Let g(d) = -d - 26. Give g(-8).
-18
Let b(n) = -5*n**3 - n**2 + 10*n - 4. Determine b(2).
-28
Let s(v) = v**2 + 3*v - 5. Determine s(-7).
23
Let o(l) = l**3 - 4*l**2 - 4*l + 12. What is o(5)?
17
Let l(b) = 3*b**3 + 7*b**2 + 7*b + 4. Give l(-2).
-6
Let x(h) = -6*h - 16. Calculate x(0).
-16
Let d(x) = -x**2 + 1. Give d(-1).
0
Let h(b) = b**2 - b - 29. Give h(7).
13
Let i(t) = t**2 - 14*t + 12. What is i(13)?
-1
Let d(a) = 2*a**3 - 2*a**2 - 6*a - 6. Give d(0).
-6
Let k(c) = -c**2 + 11*c - 18. Calculate k(12).
-30
Let v(s) = 12*s**2 - 85*s + 6. Determine v(7).
-1
Let g(f) = -f**3 - 39*f**2 - 324*f - 14. What is g(-27)?
-14
Let k(j) = j**3 + 15*j**2 + 15*j + 9. Calculate k(-14).
-5
Let r(k) = -k**2 + 8*k - 13. What is r(6)?
-1
Let t(h) = h**2 - 6. Determine t(3).
3
Let u(t) = -2*t + 1. Give u(-3).
7
Let s(c) = 2*c**3 + 51*c**2 + 25*c + 14. Calculate s(-25).
14
Let z(o) = o**2 - 9. What is z(-5)?
16
Let s(v) = -v**2 - 15*v + 36. Determine s(-17).
2
Let b(h) = -h**2 + 15*h + 123. Give b(-5).
23
Let f(z) = -z**3 - z**2 + z - 5. What is f(0)?
-5
Let x(o) = 12*o + 278. What is x(-23)?
2
Let x(b) = -3*b - 2. Give x(-14).
40
Let v(m) = -m**3 - 4*m**2 + 11*m - 2. Give v(2).
-4
Let z(q) = 18*q**3 - 2*q**2 - 3*q - 1. Determine z(-1).
-18
Let y(k) = 6*k + 7. Calculate y(15).
97
Let w(o) = -o**3 - o + 5. What is w(0)?
5
Let p(c) = -3*c**2 + c + 7. Determine p(3).
-17
Let w(d) = 4*d + 18. Determine w(-6).
-6
Let u(j) = j**3 + 6*j**2 + 7*j + 6. What is u(-5)?
-4
Let n(y) = y**3 + 5*y**2 + 8*y + 2. Determine n(-3).
-4
Let g(y) = y**2 + 5*y - 77. Give g(-13).
27
Let n(b) = b**2 + 11*b + 4. What is n(-11)?
4
Let x(g) = 2*g**2 - 2*g - 2. Give x(2).
2
Let h(m) = 5*m**2 - 45*m - 7. Calculate h(9).
-7
Let k(m) = -m**2 + m - 17. What is k(0)?
-17
Let n(t) = -190*t + 562. Calculate n(3).
-8
Let c(v) = -v + 1. What is c(8)?
-7
Let i(v) = v**2 - 14*v - 33. Give i(16).
-1
Let i(o) = o**3 + 2*o**2 - o + 4. What is i(-3)?
-2
Let o(c) = c**2 - 6*c - 4. Determine o(4).
-12
Let u(v) = -16*v - 110. Determine u(-6).
-14
Let u(r) = -44*r**3 + r**2 - 4*r + 2. Determine u(1).
-45
Let h(c) = c**2 - c + 37. Calculate h(0).
37
Let z(f) = -2*f**2 - 37*f - 129. Give z(-4).
-13
Let p(l) = 22*l + 133. Calculate p(-6).
1
Let d(z) = -10*z + 74. Calculate d(7).
4
Let y(k) = -k**2 - 4*k. Give y(5).
-45
Let h(u) = -u**3 + u**2 + u - 2. Give h(-2).
8
Let k(g) = -g**2 - 3*g + 3. Determine k(-4).
-1
Let u(w) = -3*w**2 + 1. Determine u(0).
1
Let a(p) = 4*p + 11. Calculate a(-5).
-9
Let r(f) = -f - 25. Give r(0).
-25
Let o(j) = 15*j + 5. Calculate o(-1).
-10
Let h(s) = -s**3 - 2*s**2 + 11*s - 3. Determine h(-5).
17
Let x(u) = u**3 - 33*u**2 + 4. What is x(33)?
4
Let p(y) = 11*y**3 - 7*y**2 + 12*y - 4. What is p(1)?
12
Let k(v) = -12*v + 84. Determine k(9).
-24
Let a(m) = -5*m**3 - m**2 - m - 1. Determine a(-1).
4
Let w(f) = 4*f + 8. What is w(-2)?
0
Let d(q) = -q**3 - 6*q**2 - 8*q + 3. Determine d(-3).
0
Let p(s) = -s**2 + 241. What is p(17)?
-48
Let u(p) = -2*p - 11. What is u(-15)?
19
Let z(l) = l**2 + 12*l + 1. What is z(-9)?
-26
Let w(k) = 2*k**2 + 12*k - 49. Determine w(-9).
5
Let v(r) = -3*r + 97. Give v(29).
10
Let c(t) = 3*t**2 + 42*t + 28. What is c(-12)?
-44
Let s(g) = g**2 + 3*g + 4. What is s(-4)?
8
Let f(w) = w**3 + 7*w**2 - 6*w - 1. What is f(-8)?
-17
Let m(a) = -2*a**3 + 69*a**2 - 35*a + 36. Give m(34).
2
Let d(y) = -y**2 - 20*y + 333. What is d(-31)?
-8
Let m(h) = h**3 + 6*h**2 - 15*h + 15. Calculate m(-8).
7
Let s(j) = -7*j**3 - j**2 - 3*j - 3. Determine s(-1).
6
Let r(q) = -q**3 - 70*q**2 + 84*q + 928. Calculate r(-71).
5
Let v(f) = f**3 - 10*f**2 + 10*f - 10. Give v(9).
-1
Let x(q) = 7*q**3 - q**2 + 2*q + 3. What is x(-1)?
-7
Let j(a) = -a**3 - 8*a**2 + 8*a - 8. Determine j(-9).
1
Let n(w) = -w + 4. What is n(0)?
4
Let y(r) = 31*r + 257. Calculate y(-8).
9
Let f(s) = s**2 - 17*s + 9. Give f(17).
9
Let p(m) = 3*m**2 + 137*m + 90. Give p(-45).
0
Let c(s) = s + 14. Determine c(-7).
7
Let t(c) = c**3 - 7*c**2 - 2*c - 4. Give t(8).
44
Let c(b) = 12*b - 120. Calculate c(11).
12
Let s(y) = -7*y**3 + y**2 - 2*y + 1. Give s(1).
-7
Let z(c) = c**3 + c**2 + 2*c - 1. Calculate z(0).
-1
Let t(k) = -6*k**2 + 26*k + 7. Determine t(5).
-13
Let t(z) = z + 3. Give t(-8).
-5
Let d(h) = 2*h**2 + 2*h - 29. Give d(4).
11
Let j(l) = 5*l - 10. Give j(6).
20
Let u(v) = v**3 + 5*v**2 - 20. What is u(-5)?
-20
Let a(j) = -j**3 + 10*j**2 + 47*j - 100. Calculate a(13).
4
Let v(n) = -n**2 - 30*n - 219. What is v(-11)?
-10
Let s(f) = 2*f**2 + 47*f + 28. What is s(-22)?
-38
Let f(n) = -n**2 + 21*n - 32. Determine f(19).
6
Let n(l) = l**3 + 6*l**2 - 2. Determine n(-3).
25
Let x(n) = -n**2 + 5*n + 2. What is x(7)?
-12
Let j(q) = 4*q + 28. Calculate j(-17).
-40
Let a(x) = -x**3 + 3*x**2 - 12*x + 33. Determine a(3).
-3
Let k(a) = 20*a + 7. What is k(1)?
27
Let m(c) = -11*c**3 + c**2 + c - 2. Give m(2).
-84
Let u(k) = k**2 + 13*k + 18. Calculate u(-10).
-12
Let w(p) = 13*p**2 + 7*p + 8. What is w(-1)?
14
Let b(c) = -2*c**2 + 6*c - 15. Determine b(6).
-51
Let u(g) = -4*g**2 - 29*g - 84. Calculate u(-6).
-54
Let t(b) = -3*b**3 - 13*b**2 + 7*b. Give t(-5).
15
Let f(y) = 3*y + 12. What is f(-10)?
-18
Let j(r) = r**2 - 2*r. Give j(4).
8
Let h(x) = x**3 - 9*x**2 - 5*x + 8. Calculate h(9).
-37
Let x(a) = -a**2 - 12*a + 47. What is x(-16)?
-17
Let t(y) = y + 9. What is t(6)?
15
Let l(m) = -m**3 - 3*m**2 - m - 1. What is l(-2)?
-3
Let o(z) = -z**3 - 8*z**2 - 4*z - 30. Calculate o(-7).
-51
Let y(i) = 3*i**2 - 23*i + 1. Calculate y(8).
9
Let n(i) = 8*i**2 - 7*i + 11. Calculate n(0).
11
Let v(s) = -7*s - 179. Give v(-20).
-39
Let d(f) = -f**2 + 14. Determine d(-5).
-11
Let c(k) = -k**2 - 11*k. What is c(-9)?
18
Let i(t) = 6*t - 5. Give i(5).
25
Let p(u) = -u**3 - 16*u**2 + 16*u - 13. What is p(-17)?
4
Let q(b) = -b**3 - 6*b**2 + 27. Determine q(-5).
2
Let l(z) = 2*z**3 + 7*z**2 - z - 11. Give l(-5).
-81
Let k(r) = 4*r - 10. Give k(12).
38
Let m(w) = -w**2 - w - 5. What is m(0)?
-5
Let o(j) = j + 2. Calculate o(10).
12
Let v(c) = 3*c - 3. Give v(1).
0
Let k(b) = -b**2 - 15*b + 18. Calculate k(-17).
-16
Let c(k) = -k**2 - 20*k - 34. Give c(-18).
2
Let y(p) = -p**3 + 4*p**2 + p + 18. Calculate y(5).
-2
Let k(m) = 5*m - 43. Give k(6).
-13
Let i(z) = -z**3 - 15*z**2 - 16*z - 3. Determine i(-14).
25
Let z(q) = -q**3 - 6*q**2 - 17*q - 47. Calculate z(-4).
-11
Let z(j) = 53*j - 118. Determine z(2).
-12
Let r(y) = y. Give r(-1).
-1
Let i(z) = 7*z - 6. Give i(-4).
-34
Let i(j) = -j**2 - 6*j - 12. Calculate i(-8).
-28
Let u(o) = -o**3 + 16*o**2 - 13*o - 37. What is u(15)?
-7
Let p(l) = -l**2 - 10*l - 4. Calculate p(-13).
-43
Let a(i) = -i**2 + 5*i - 14. What is a(6)?
-20
Let d(r) = -20*r + 174. Determine d(9).
-6
Let f(p) = p**3 - 30*p**2 + 3*p - 85. Determine f(30).
5
Let l(z) = -4*z**3 + 53*z**2 - 11*z - 16. Calculate l(13).
10
Let w(u) = 2*u**2 - 6*u + 5. What is w(4)?
13
Let s(r) = 3*r**2 - 139*r + 49. Give s(46).
3
Let n(q) = -q**3 + 28*q**2 + 27*q + 63. Calculate n(29).
5
Let j(x) = 2*x**2 - 6. Give j(3).
12
Let c(i) = 4*i**2 - 2*i - 2. Determine c(-2).
18
Let r(q) = -2*q + 33. What is r(-9)?
51
Let v(y) = -2*y - 19. What is v(-4)?
-11
Let h(r) = -2*r**3 - 4*r**2 - 2*r + 1. Calculate h(-2).
5
Let b(c) = -c**2 + c - 9. Give b(0).
-9
Let v(g) = 12*g + 5. Determine v(-5).
-55
Let c(k) = 33*k - 94. Determine c(3).
5
Let u(a) = a**2 + 26*a + 58. Determine